?
5, 41, 353
What are the prime factors of 3107982?
2, 3, 19, 137, 199
What are the prime factors of 12273984?
2, 3, 7103
List the prime factors of 10602092.
2, 131, 20233
List the prime factors of 265691.
47, 5653
What are the prime factors of 304895?
5, 17, 211
What are the prime factors of 102178?
2, 47, 1087
List the prime factors of 922968.
2, 3, 4273
List the prime factors of 5950791.
3, 7, 11, 31, 277
What are the prime factors of 765281?
11, 29, 2399
What are the prime factors of 22399043?
19, 1178897
List the prime factors of 4658424.
2, 3, 194101
List the prime factors of 824287.
824287
What are the prime factors of 12255801?
3, 4085267
What are the prime factors of 4891897?
4891897
What are the prime factors of 140394?
2, 3, 23399
List the prime factors of 5387177.
5387177
List the prime factors of 265696.
2, 19, 23
List the prime factors of 1456362.
2, 3, 80909
What are the prime factors of 2200515?
3, 5, 146701
What are the prime factors of 3651623?
3651623
List the prime factors of 6171835.
5, 1234367
List the prime factors of 9031970.
2, 5, 903197
What are the prime factors of 2123164?
2, 17, 31223
What are the prime factors of 27210091?
29, 938279
List the prime factors of 1247958.
2, 3, 19, 41, 89
List the prime factors of 94534.
2, 11, 4297
What are the prime factors of 220598?
2, 7, 2251
What are the prime factors of 30918?
2, 3, 5153
What are the prime factors of 446923?
37, 47, 257
What are the prime factors of 35280266?
2, 7, 479, 5261
What are the prime factors of 5756937?
3, 1918979
What are the prime factors of 1238677?
11, 29, 353
List the prime factors of 79945.
5, 59, 271
What are the prime factors of 8312081?
107, 131, 593
List the prime factors of 86103.
3, 1063
List the prime factors of 4650477.
3, 13, 119243
What are the prime factors of 99380?
2, 5, 4969
List the prime factors of 220650.
2, 3, 5, 1471
List the prime factors of 175559.
17, 23, 449
What are the prime factors of 681452?
2, 170363
List the prime factors of 71625.
3, 5, 191
What are the prime factors of 312888?
2, 3, 13037
List the prime factors of 1680598.
2, 840299
List the prime factors of 3185941.
11, 59, 4909
List the prime factors of 207723.
3, 17, 4073
What are the prime factors of 296504?
2, 13, 2851
List the prime factors of 3497852.
2, 17, 51439
What are the prime factors of 117422?
2, 58711
List the prime factors of 1013085.
3, 5, 47, 479
List the prime factors of 460109.
13, 35393
What are the prime factors of 37715?
5, 19, 397
What are the prime factors of 418014?
2, 3, 7741
List the prime factors of 615276.
2, 3, 211
What are the prime factors of 10057872?
2, 3, 11, 43, 443
List the prime factors of 2680408.
2, 335051
What are the prime factors of 820698?
2, 3, 43, 3181
What are the prime factors of 6445?
5, 1289
What are the prime factors of 560859?
3, 13, 73, 197
List the prime factors of 479794.
2, 7, 43, 797
List the prime factors of 20161624.
2, 7, 53, 6793
List the prime factors of 557089.
13, 42853
List the prime factors of 2829267.
3, 7, 44909
What are the prime factors of 1631867?
131, 12457
What are the prime factors of 15887979?
3, 17, 103843
List the prime factors of 20348741.
7, 31, 79, 1187
List the prime factors of 11942.
2, 7, 853
What are the prime factors of 135407?
43, 47, 67
List the prime factors of 170757.
3, 18973
List the prime factors of 143.
11, 13
What are the prime factors of 304056?
2, 3, 41, 103
What are the prime factors of 304025?
5, 12161
List the prime factors of 18622960.
2, 5, 131, 1777
What are the prime factors of 2938313?
7, 109, 3851
What are the prime factors of 18413638?
2, 1399, 6581
What are the prime factors of 21087614?
2, 10543807
List the prime factors of 21080299.
47, 389, 1153
What are the prime factors of 385889?
7, 55127
What are the prime factors of 4556040?
2, 3, 5, 37967
List the prime factors of 9533950.
2, 5, 47, 4057
List the prime factors of 30789159.
3, 17, 569, 1061
What are the prime factors of 11112?
2, 3, 463
List the prime factors of 3945130.
2, 5, 7, 56359
List the prime factors of 1419603.
3, 473201
List the prime factors of 2289695.
5, 29, 15791
What are the prime factors of 2615560?
2, 5, 23, 2843
List the prime factors of 489239.
489239
What are the prime factors of 30041083?
103, 291661
What are the prime factors of 16866288?
2, 3, 117127
What are the prime factors of 10933380?
2, 3, 5, 17, 397
What are the prime factors of 311073?
3, 7, 14813
List the prime factors of 404009.
404009
What are the prime factors of 3468029?
3468029
List the prime factors of 20797933.
13, 1599841
List the prime factors of 147157.
31, 47, 101
What are the prime factors of 280147?
7, 31, 1291
List the prime factors of 30444.
2, 3, 43, 59
What are the prime factors of 8567876?
2, 29, 233, 317
What are the prime factors of 1394780?
2, 5, 69739
List the prime factors of 4591662.
2, 3, 101, 7577
What are the prime factors of 6505655?
5, 13, 7699
What are the prime factors of 8251186?
2, 4125593
List the prime factors of 1216284.
2, 3, 79, 1283
What are the prime factors of 2725217?
11, 29, 8543
List the prime factors of 59734.
2, 29867
What are the prime factors of 5462321?
17, 321313
List the prime factors of 1818433.
19, 95707
List the prime factors of 528952.
2, 37, 1787
List the prime factors of 689707.
17, 29, 1399
What are the prime factors of 9303303?
3, 571, 5431
List the prime factors of 3217522.
2, 7, 11, 17, 1229
List the prime factors of 342705.
3, 5, 11, 31, 67
List the prime factors of 217154.
2, 7, 15511
List the prime factors of 773648.
2, 48353
List the prime factors of 331046.
2, 165523
List the prime factors of 931413.
3, 7, 17, 2609
List the prime factors of 327815.
5, 65563
What are the prime factors of 587067?
3, 13, 15053
What are the prime factors of 2120582?
2, 829, 1279
List the prime factors of 18782625.
3, 5, 50087
What are the prime factors of 7011025?
5, 7, 40063
What are the prime factors of 2608882?
2, 983, 1327
What are the prime factors of 2250356?
2, 562589
What are the prime factors of 2443272?
2, 3, 13, 41, 191
What are the prime factors of 179795?
5, 7, 11, 467
What are the prime factors of 198152?
2, 17, 31, 47
List the prime factors of 3379996.
2, 844999
List the prime factors of 278919.
3, 17, 1823
What are the prime factors of 7021705?
5, 53, 26497
List the prime factors of 2313937.
599, 3863
List the prime factors of 2387560.
2, 5, 7, 8527
List the prime factors of 344436.
2, 3, 28703
What are the prime factors of 14763238?
2, 7, 1054517
What are the prime factors of 957805?
5, 191561
What are the prime factors of 6902696?
2, 29, 29753
What are the prime factors of 498442?
2, 7, 35603
What are the prime factors of 83558?
2, 41, 1019
List the prime factors of 5034386.
2, 7, 359599
List the prime factors of 128522.
2, 179, 359
List the prime factors of 40505.
5, 8101
What are the prime factors of 13288719?
3, 311, 14243
List the prime factors of 440896.
2, 83
What are the prime factors of 240016?
2, 7, 2143
What are the prime factors of 5301887?
761, 6967
What are the prime factors of 26138?
2, 7, 1867
What are the prime factors of 230572?
2, 59, 977
What are the prime factors of 609292?
2, 19, 8017
What are the prime factors of 20658119?
83, 248893
List the prime factors of 1071822.
2, 3, 41, 4357
What are the prime factors of 380388?
2, 3, 31699
What are the prime factors of 1409052?
2, 3, 29, 4049
List the prime factors of 253855.
5, 7, 7253
List the prime factors of 60169.
60169
What are the prime factors of 9414101?
19, 313, 1583
List the prime factors of 1359929.
41, 809
What are the prime factors of 6226005?
3, 5, 269, 1543
What are the prime factors of 6280860?
2, 3, 5, 104681
What are the prime factors of 7229105?
5, 13, 111217
What are the prime factors of 3142666?
2, 563, 2791
List the prime factors of 174585.
3, 5, 103, 113
List the prime factors of 1885659.
3, 421, 1493
List the prime factors of 6396856.
2, 37, 21611
What are the prime factors of 5276688?
2, 3, 211, 521
What are the prime factors of 161606?
2, 80803
What are the prime factors of 128710?
2, 5, 61, 211
What are the prime factors of 496715?
5, 41, 2423
What are the prime factors of 2486637?
3, 276293
What are the prime factors of 1266733?
13, 97441
What are the prime fa